True
Suppose 47*x = 12*x + 1295. Is x a prime number?
True
Let t(s) = -s**3 + 8*s**2 - 15*s + 3. Let m be t(5). Let b(v) = -8 - m + 75*v - 40*v - 62*v. Is b(-4) a prime number?
True
Suppose 0 = -58*a + 48*a + 23370. Suppose -h + 4*t = -a, 4*h = t + 103 + 9185. Is h a prime number?
False
Is (4 - 997)*165/(-45) composite?
True
Let z(h) = 128*h + 80*h + 8 + 102*h + 5. Suppose -s + 4*r = 11, 0 = 3*r - 4*r + 4. Is z(s) a prime number?
False
Let n be ((-2)/(-8))/(6*6/576). Let z(d) = 36*d**3 - 4*d**2 + 3*d - 25. Is z(n) a prime number?
False
Suppose 0 = t - 320 - 124. Let j be t - (15/(-5))/3. Let w = 408 + j. Is w a composite number?
False
Let d be (-188756)/10 - 12/30. Is (d/(-4) - 3) + 5 a prime number?
True
Suppose -292*g + 342880420 = 160*g. Is g a composite number?
True
Suppose -688608 = -4*d + b, 4*d - 688600 = 185*b - 186*b. Is d prime?
False
Let p = -2642 - -1494. Let f = p - -5349. Is f composite?
False
Suppose -4*w = -50*w + 3421342. Is w composite?
False
Is (-645244)/(-8)*(-1 + 3) composite?
True
Suppose -3*u = 2*g - 140852, 5*g + 3*u + 70417 = 6*g. Is g a prime number?
True
Let s be (1/(-1))/(-3 - -1 - -3). Let p(t) = -4757*t - 10. Is p(s) a composite number?
True
Suppose 0 = 11*m + 38 - 49. Is (m*(-1)/2)/(78/(-684372)) prime?
False
Suppose -361431 = -3*j - 2*o + 48476, -j - 2*o + 136633 = 0. Is j a prime number?
False
Let y = 656 + -204. Suppose 437*b - y*b = -305565. Is b composite?
True
Let i = 2653 - -2240. Suppose 0*a + i = 4*j + 5*a, 6090 = 5*j + a. Is j a prime number?
True
Let j = -18743 + 37738. Suppose 3*r = -2*r + j. Is r a composite number?
True
Suppose 86*g - 3 = 83*g. Let p be (g*(0 - -1))/((-5)/(-25)). Suppose 0 = -4*y - 4*v + 3708, 3*y + p*v - 4146 + 1357 = 0. Is y a prime number?
False
Suppose 2*j + 2*l + 3644 = 5*j, 3*j - 3664 = -2*l. Let q = -233 + j. Is q composite?
True
Suppose -112009 = -2*m - 5*u, 3*m + 4*u = 1899 + 166104. Is m a prime number?
True
Let c(y) = y**3 + 18*y**2 - 19*y + 5. Let i be c(-19). Let l be 1 + (-1)/1 - 0. Suppose i*w - 1455 - 4840 = l. Is w a composite number?
False
Suppose -t = -5*o - 1664, 4*o - 6656 = -t - 3*t. Suppose -4*y + 1700 = -t. Is y a composite number?
True
Let z(r) = 125*r**2 - 20*r - 214. Is z(31) prime?
True
Suppose 0 = 106*f + 13049053 - 70899507. Is f composite?
False
Let w(f) = 780*f**2 - 346*f + 51. Is w(-29) composite?
True
Suppose 16*v = -84*v - 17724178 + 68570878. Is v a composite number?
True
Let o = 749 - 736. Let m(p) = -69*p - 16. Let c(q) = -138*q - 32. Let k(a) = -4*c(a) + 7*m(a). Is k(o) composite?
True
Is (281773/(-46))/((-4)/8) a composite number?
False
Suppose -191 + 796 = 5*m. Let s = m + -125. Is 21855/6 + (2/(-1))/s a prime number?
True
Suppose 0 = 4*d + 3*p - 264821 - 123585, 22*d - 2*p = 2136270. Is d a composite number?
False
Suppose 8 - 4 = 2*i. Suppose -6288 = -2*f - 3*p + 5*p, -i*f + p + 6293 = 0. Is f prime?
False
Let s(x) = -x**3 + x**2 + 2*x + 13. Let p be s(4). Let q be 1*4/(-6)*(-21 - p). Is (-2)/q*(41 + 5) a prime number?
True
Let f(a) = -15*a - 41. Let v be f(-8). Let u = v - 34. Is (-2)/(-6) - 5/(u/(-9078)) a prime number?
True
Suppose 17*j - 114 = -63. Suppose 4*z + 3*c - 19422 = 15839, j*c = z - 8834. Is z a composite number?
False
Let g = -230 + 145. Is ((-261)/5 - -2)*g composite?
True
Suppose -5*m - 6 = 2*h - 4*m, 7 = -3*h - m. Let a be h*2338 + -8 + 13. Is a/(-3)*(23 - 5)/6 prime?
True
Suppose 2 + 4 = 2*m. Suppose -o - o - 23 = m*k, -2*k = -3*o - 2. Is (-9710)/(-8) - k*(-6)/40 a prime number?
True
Let b(p) = p**3 - 7*p**2 - 16*p - 102. Let c = 628 - 608. Is b(c) composite?
True
Let c be 12237 - 2/4*-2*0. Suppose -c + 40560 = 27*h. Is h a prime number?
True
Let j(v) = 4*v - 23. Let b be j(7). Suppose 0 = 4*h + 2*g, b*g = 10*h - 11*h. Suppose 1759 = c - t - 2*t, 4*c - 3*t - 7081 = h. Is c a prime number?
False
Suppose 4*l - 635388 = 5*i, -145299 = -3*l - 5*i + 331312. Is l prime?
False
Let p(z) = 7867*z**3 + 13*z**2 + 7*z - 77. Is p(4) a prime number?
True
Let i = 289 + -239. Suppose -u + 8 = 4*d, -3*d = -4*d + 3. Let l = i + u. Is l a composite number?
True
Let i be (-64)/(-6) - (-4)/(-6). Let q = -3385 + 5326. Suppose 0 = i*b - 13*b + q. Is b a prime number?
True
Let o(d) = d**3 - 15*d**2 + d - 10. Let g be o(15). Suppose -2*p + 5*l = -4 - 1, 4*p - 25 = -g*l. Suppose -509 = -p*s + 926. Is s a prime number?
False
Is -8 + 8 + 14 - -293663 composite?
False
Let k(b) = b**3 + 18*b**2 + b + 20. Let n be k(-18). Suppose -n*r = -x + 3491 - 759, 2*r + 2744 = 4*x. Let g = -823 - r. Is g a composite number?
False
Suppose 5*f = -5*g + 5266270, 7*f - 5668654 = -4*g + 1704133. Is f prime?
True
Let k = -58 - -60. Suppose -k*b - 4*i = -0*b - 22, -2*i = -5*b + 7. Suppose -4*y = 3*x - 2688, y - 3*x = b*y - 1350. Is y composite?
True
Let m = -74 - -77. Suppose -26 = -5*c - m*o, 3*c + 2 = 4*o + 6. Suppose c*f - f - 2829 = 0. Is f a prime number?
False
Suppose -a - 41 = -7*h + 2*h, -4*a = -2*h + 74. Let g = 71 + a. Is ((-412)/(-16))/(g/(-28) - -2) prime?
False
Let v be (69/(-4) - -4)*8. Let s = v - -111. Suppose -14*l + 8289 = -s*l. Is l composite?
True
Suppose -27*x - 75 - 60 = 0. Let a(l) = -56*l**3 + 7*l**2 + 14*l + 40. Is a(x) a prime number?
False
Suppose -55168 = -26*n + 22*n + 4*p, p = -4*n + 55173. Is n a prime number?
False
Let n = -219 - -231. Suppose -n*c + 73620 = 6936. Is c composite?
False
Let b(f) = 12*f**2 + 8*f + 14. Let o(g) = 13*g**2 + 8*g + 19. Let l(u) = 6*b(u) - 5*o(u). Let p be (-1)/(-1 - 0) + -9. Is l(p) composite?
False
Let n be (48/(-9))/(-4 - 284/(-72)). Let c = n + -90. Suppose 0 = -c*m - 60 + 792. Is m composite?
True
Let k(m) = -167*m - 834. Let q be k(-5). Let c = 2 - -1. Is (q/3)/(c/10287*3) a prime number?
False
Let k = 194839 + -138432. Is k prime?
False
Let p(w) = 2*w + 9. Let k be p(-2). Suppose -k*c = 2*v - 664, 4*v - 1340 = -3*c - c. Is v a composite number?
False
Let x = -127489 + 341528. Is x composite?
True
Suppose -304*o = -4*i - 308*o + 608924, o = i - 152231. Is i composite?
False
Suppose 3*h - 8 = q - 32, q + 2*h = 4. Is (15724/q - 8) + (-2)/(-3) a prime number?
True
Let q be (-93)/(-6)*-1*-70. Let x = q - 641. Is 2 - (-5 - -4)*x a prime number?
False
Let d(g) = 113*g - 98 + 36 + 30 + 36. Let h be d(7). Suppose -h = 26*t - 29*t. Is t prime?
False
Let d be ((-1144)/(-5))/(-1) - (-45)/(-225). Let m = 354 + d. Let v = 32 + m. Is v composite?
False
Suppose 0 = 20*r - 22*r. Suppose -20*d - 68153 + 190533 = r. Is d prime?
False
Suppose -4*r + 3 + 5 = 0. Suppose r*p - 35 = -3*p. Suppose p*l = 8*l - 191. Is l a composite number?
False
Let s(u) = -u**3 + 20*u**2 + 14*u + 21. Let z be s(21). Let b be -2 - (0 + -1 - -319). Let h = z - b. Is h prime?
False
Let i(c) = 56*c**2 - 13*c - 38. Let x be i(12). Is (1 - (-2 - -2*3)) + x composite?
False
Let q(w) = -4*w - 28 + 4*w - 6*w - 9*w. Let o be q(18). Let a = o - -485. Is a a prime number?
False
Let j = 484 - 484. Suppose j*r - y - 27660 = -5*r, 5 = y. Is r composite?
True
Let q = 10817 - -9979. Suppose -5*s + q = 7*s. Is s a prime number?
True
Let z(k) = k**3 - 6*k**2 - 8*k + 4. Let r be z(6). Let v = r + 46. Suppose -m + 72 = -v*o + 1121, -3*m = o - 542. Is o a prime number?
False
Is (-26 - 1995/(-76))/(3/11674164) a prime number?
True
Suppose 0 = 3*m - 2*m - 3292. Let v(k) = -1729*k + 146. Let x be v(1). Let q = x + m. Is q a prime number?
True
Let b = -1196 + 2877. Let m = 3259 - b. Let l = m - 409. Is l a composite number?
True
Let b(k) = -k + 32. Let p be b(22). Let z(j) = 34*j**2 + 11*j - 1. Let t be z(9). Suppose -t = -p*l - 742. Is l a composite number?
False
Is (-11611866)/(-210) + 12/(-20) composite?
True
Let s(o) = -47*o**3 + 8*o**2 - 8*o - 44. Let k be s(-8). Is (k + -1)*(-1 - -10)/45 a prime number?
True
Let n = 10659 - -1324. Is n composite?
True
Let q = 1681142 - 627129. Is q a composite number?
False
Is (479297 - 0) + 43 + -53 prime?
True
Suppose -x - 18300 = -0*x - 56651. Is x a composite number?
False
Suppose -3*m + 0 = 4*l - 3, -27 = -3*m + 4*l. Suppose -m*t = 75 - 20. Let c(v) = -v**3 - 8*v**2 + 6*v - 4. Is c(t) a prime number?
True
Let f(i) be the second derivative of -i**5/20 + 7*i**4/12 - 4*i**3/3 + 13*i**2/2 - i. Let a be f(6). Let h(s) = 76*s + 11. Is h(a) composite?
True
Is (3 - (6 - 1))*270341/(-86) a composite number?
False
Let d = 253006 + -1